1 prime?
True
Is 51496981 composite?
True
Is 391787 a composite number?
True
Is 110991565 composite?
True
Is 1044961 prime?
False
Is 5412751 composite?
True
Is 180953915 prime?
False
Is 26114273 prime?
True
Is 23273339 composite?
False
Is 1266667 prime?
False
Is 1352051 composite?
True
Is 37722961 composite?
True
Is 5427757 prime?
True
Is 155454391 a composite number?
False
Is 5026589 a composite number?
False
Is 92263531 composite?
False
Is 9909281 prime?
False
Is 47721173 composite?
False
Is 4575377 a composite number?
False
Is 1551127 a composite number?
True
Is 5851579 composite?
True
Is 1098151 a composite number?
False
Is 10844087 prime?
True
Is 220575547 a prime number?
True
Is 2554637 a composite number?
False
Is 59353429 prime?
True
Is 2517827 composite?
True
Is 27392861 a composite number?
False
Is 3685961 a composite number?
True
Is 38438594 prime?
False
Is 101426629 prime?
True
Is 166296017 prime?
True
Is 290138147 a prime number?
False
Is 17572151 a prime number?
False
Is 31857841 a prime number?
False
Is 7028401 composite?
False
Is 1215497 a prime number?
True
Is 663664723 prime?
False
Is 281008499 a prime number?
False
Is 2161081 composite?
True
Is 203381 a prime number?
True
Is 5062157 composite?
False
Is 29911571 a prime number?
False
Is 1066541 prime?
False
Is 48709043 a composite number?
True
Is 31048397 prime?
False
Is 22164397 prime?
True
Is 7489607 a composite number?
False
Is 339887 composite?
False
Is 256599973 a composite number?
True
Is 538925203 a prime number?
True
Is 273149791 prime?
True
Is 76380146 a prime number?
False
Is 5723461 a composite number?
False
Is 5773199 composite?
False
Is 2851943 composite?
False
Is 6387827 composite?
False
Is 542929979 a composite number?
False
Is 7156301 a composite number?
True
Is 172126957 a prime number?
True
Is 111237409 composite?
True
Is 7047779 a prime number?
False
Is 25046243 prime?
False
Is 339382717 a prime number?
True
Is 1335067 composite?
False
Is 839751469 a composite number?
False
Is 6362609 a prime number?
False
Is 12237661 composite?
False
Is 2049067 prime?
True
Is 3070373 prime?
True
Is 16033097 a composite number?
False
Is 2192621 a composite number?
False
Is 6066209 prime?
False
Is 204331637 composite?
True
Is 32372801 a composite number?
True
Is 58556003 prime?
False
Is 56006267 prime?
True
Is 582689 composite?
False
Is 267023 a prime number?
False
Is 3084013 a composite number?
False
Is 49405687 a composite number?
False
Is 3684227 composite?
True
Is 6230183 a composite number?
True
Is 23398517 prime?
True
Is 3503671 a composite number?
True
Is 1233371973 a composite number?
True
Is 1978777 a composite number?
True
Is 17432131 a prime number?
True
Is 70362307 composite?
False
Is 408241649 a composite number?
False
Is 604337 prime?
False
Is 239087291 composite?
False
Is 38527163 prime?
False
Is 1578553 composite?
False
Is 23266409 composite?
True
Is 2751307 prime?
False
Is 29300567 composite?
True
Is 29627187 a composite number?
True
Is 1042399 a prime number?
True
Is 435379431 a composite number?
True
Is 46971011 a prime number?
False
Is 130491365 a prime number?
False
Is 89611463 a composite number?
False
Is 3719609 composite?
True
Is 45326327 composite?
False
Is 525962 a prime number?
False
Is 905221597 a composite number?
True
Is 14093309 prime?
True
Is 57631489 a prime number?
True
Is 1025407 prime?
True
Is 27456973 a composite number?
False
Is 81179401 prime?
True
Is 155678102 a prime number?
False
Is 55739293 composite?
True
Is 18001183 a prime number?
True
Is 50287 a prime number?
True
Is 47525323 a composite number?
False
Is 3950731 a composite number?
False
Is 169709933 a prime number?
False
Is 191851879 a prime number?
True
Is 19576543 a composite number?
True
Is 215239 composite?
False
Is 35213969 a prime number?
False
Is 4214971 a composite number?
False
Is 278741 a prime number?
True
Is 66149617 prime?
False
Is 135350786 prime?
False
Is 4658421 a prime number?
False
Is 6966251 a prime number?
False
Is 979817 a composite number?
True
Is 115618 prime?
False
Is 1404239 prime?
False
Is 11106538 prime?
False
Is 781331 composite?
True
Is 20820361 prime?
False
Is 125967091 a composite number?
False
Is 4551069 prime?
False
Is 964977935 prime?
False
Is 17327693 composite?
False
Is 646147 a composite number?
False
Is 626496951 prime?
False
Is 380755951 a composite number?
True
Is 1779601 a composite number?
False
Is 30074881 a composite number?
True
Is 12614671 composite?
False
Is 39963389 composite?
False
Is 249481493 prime?
True
Is 234383 a prime number?
True
Is 458499143 composite?
False
Is 177294991 a prime number?
True
Is 10660657 a composite number?
True
Is 83199293 a composite number?
True
Is 2842819 prime?
False
Is 7871341 composite?
False
Is 152858929 prime?
True
Is 1073087 composite?
True
Is 891399989 prime?
True
Is 258451979 prime?
True
Is 1050461 a prime number?
False
Is 192011 prime?
False
Is 943071659 prime?
True
Is 1808921 a prime number?
True
Is 424484843 a prime number?
True
Is 9275971 a composite number?
True
Is 3104245 a prime number?
False
Is 10523717 prime?
False
Is 11779865 a prime number?
False
Is 44713463 composite?
False
Is 2478197 composite?
True
Is 60302399 prime?
True
Is 472284233 composite?
True
Is 12194707 composite?
True
Is 82392347 a composite number?
False
Is 217434535 a prime number?
False
Is 3530563 a composite number?
False
Is 7289699 prime?
False
Is 339289 composite?
False
Is 18089029 a composite number?
True
Is 3900097 a prime number?
True
Is 21577961 composite?
True
Is 7133051 a prime number?
False
Is 6842281 prime?
True
Is 1200307 composite?
False
Is 639379961 a prime number?
False
Is 1065667 composite?
False
Is 39022051 a composite number?
False
Is 11031679 a prime number?
True
Is 289151089 composite?
False
Is 864379 composite?
False
Is 20712671 prime?
False
Is 88298011 a composite number?
True
Is 7429547 composite?
False
Is 257066743 composite?
False
Is 45628927 a composite number?
False
Is 58946893 composite?
False
Is 284322706 a composite number?
True
Is 34635061 prime?
True
Is 23471051 a composite number?
False
Is 126155297 composite?
False
Is 678437 a prime number?
True
Is 44001527 a composite number?
True
Is 19057807 a prime number?
False
Is 136261949 a prime number?
True
Is 36348113 a composite number?
False
Is 31087291 a composite number?
False
Is 65330429 composite?
False
Is 274269851 a prime number?
False
Is 8072257 a composite number?
False
Is 28983371 prime?
True
Is 184492807 prime?
False
Is 13666057 a composite number?
True
Is 254989583 composite?
False
Is 86673313 prime?
False
Is 5653667 a composite number?
True
Is 6215047 a prime number?
False
Is 550111 composite?
False
Is 3462707 a composite number?
False
Is 29713517 prime?
True
Is 17238803 composite?
False
Is 674607 prime?
False
Is 775482833 a prime number?
True
Is 310841 a prime number?
False
Is 8979527 a prime number?
False
Is 51763021 composite?
True
Is 3290723 composite?
False
Is 40010153 a prime number?
False
Is 7137763 prime?
True
Is 226991069 prime?
True
Is 7361619 composite?
True
Is 228382783 composite?
False
Is 116834261 composite?
False
Is 261174251 a composite number?
True
Is 334489 prime?
False
Is 99361 prime?
False
Is 268781059 prime?
False
Is 38125433 prime?
False
Is 5474081 a composite number?
True
Is 73784281 prime?
False
Is 1288570603 composite?
False
Is 29942929 prime?
True
Is 1056257 a prime number?
False
Is 33285059 a prime number?
True
Is 28212713 prime?
True
Is 1729639 a prime number?
False
Is 77631109 a composite number?
True
Is 8057 a composite number?
True
Is 1924133 a composite number?
True
Is 4142989 a composite number?
False
Is 245538407 prime?
False
Is 2698977 a composite number?
True
Is 8716081 prime?
False
Is 3677867 composite?
True
Is 55072063 a composite number?
False
Is 30272873 prime?
False
Is 275909 composite?
True
Is 2107058 composite?
True
Is 173137 a prime number?
True
Is 3917327 prime?
False
Is 4080737 a prime number?
True
Is 35750467 prime?
True
Is 4716445 a composite number?
True
Is 1072913 composite?
True
Is 22919969 prime?
True
Is 186269201 a prime number?
True
Is 1445657 a composite number?
False
Is 157145639 a composite number?
True
Is 2407189 a composite number?
False
Is 2685863 a composite numbe